 - (-2940)/l a composite number?
False
Let z = -4475 + 6829. Suppose 0 = -3*h + 2*h + d + z, 3*d = -4*h + 9437. Is h a composite number?
False
Let c = 14610 + -10219. Is c a composite number?
False
Suppose v + 9 = -2*v, -5*j - 57 = -v. Let i be (j/(-5))/(16/40). Suppose 0 = -q - 0*q + i. Is q a prime number?
False
Suppose 4*g + 9388 = 45104. Suppose 10001 = 6*w - g. Suppose -2*j - 3*j = -w. Is j prime?
True
Suppose -15*s = -10*s + 3060. Is (-1 - -2)/(-1 - s/610) prime?
False
Is (5 - -229) + (-6)/(-2) a composite number?
True
Let x be 16/40 + 136/10. Suppose -3*n = -1 - x. Suppose -n*v + 7*v - 2770 = 0. Is v prime?
False
Suppose 106001 = 411*b - 404*b. Is b a prime number?
False
Let k(i) = -i**3 - 9*i**2 - 10*i + 37. Is k(-15) a composite number?
True
Suppose 11*k - 16117 = 137080. Is k a composite number?
True
Let i = 72 - 85. Let l(y) = -y**3 - 9*y**2 - 10*y - 17. Is l(i) composite?
True
Let i = 4 - 1. Let t be (6/i)/(3/6). Suppose t*a + 0*a - 212 = 0. Is a prime?
True
Let f = -20216 + 31243. Is f composite?
False
Let w(j) = j**2 + 4*j - 9. Let d be w(-7). Suppose -b = 4*h - d, 6*b - 3 = -h + 2*b. Is h/1 - 328/(-1) a prime number?
True
Suppose -2*b = 5*w + 21, 8*b - 2*w = 4*b + 18. Suppose b*o - 4949 - 513 = 0. Is o a composite number?
False
Suppose 18*n - 5*g - 26841 = 17*n, 3*g + 134293 = 5*n. Is n a composite number?
False
Let r = 22 + -28. Let g = r + 0. Let i = g - -49. Is i composite?
False
Let b(k) = 522*k - 409. Is b(53) prime?
False
Let u be 7/(-9) - (-16)/(-72). Is 699/(-3)*-6 - u prime?
True
Let v(t) = 22*t**2 + 7*t + 6. Suppose 0 = -4*i + 3*c - 29, c - 2 - 1 = 0. Is v(i) prime?
True
Let m be (4/7)/(6/21). Suppose 0 = m*k + v - 12, -16 = 2*k - 6*k + 2*v. Suppose 5 + 1 = 2*w, -o = -k*w - 170. Is o prime?
False
Suppose -2*d = -5*h + 159, 3*h - d - 95 = -0*d. Is (-51)/12*-4*h a composite number?
True
Let k = 11997 - -762. Is k a composite number?
True
Let r(c) = 93*c - 22. Is r(9) prime?
False
Let q = 6 + 0. Let v be ((-6)/5)/(q/(-15220)). Suppose -2*l + 2434 = i, 3055 = 5*l - i - v. Is l prime?
False
Let v be (-1 + 1)/(4/2). Suppose 5*r = -v*r + 15, -869 = -4*l + 5*r. Is l prime?
False
Suppose 0 = -u - 10 - 11. Let f be (-12)/(-2)*(-14)/u. Is 207 + 4/f - 3 prime?
False
Suppose 0 = 4*g - 20, 3*h - 4*g - 309 = -g. Let u be h - (8 + -1 + -3). Suppose -u = -3*p - 26. Is p a composite number?
True
Let p(a) = 16*a. Let d be p(6). Let s(b) = -b**2 + 21*b - 3. Let z be s(23). Let o = z + d. Is o a composite number?
False
Suppose 2*a + 3*c - 499 = 0, 4*c - 846 = -3*a - 98. Let q be a/(-12)*(-3)/2. Let g = 64 - q. Is g a prime number?
False
Let z = 241 - 172. Suppose -4*p = -5*k + 415, 0 = k - 0*k + 2*p - z. Is k a prime number?
True
Suppose -2*o - 69*a + 72*a + 63257 = 0, 3*a = -4*o + 126505. Is o composite?
False
Let z(q) = -8646*q - 307. Is z(-5) a composite number?
False
Let l = -168 + 394. Is l composite?
True
Suppose 15 = i - 6*i. Is 1323/3 - (1 - i) a composite number?
True
Suppose g + 9 = -g - n, 2 = -g + 2*n. Let w(k) = -67*k - 5. Is w(g) prime?
True
Let f(l) = -3*l - 3. Let o be f(-3). Suppose o*k + 0*k - 3330 = 0. Suppose 4*s - k = 497. Is s composite?
False
Suppose 0 = 2*d + d - 6. Suppose -5*q + 23 = 3*v - 49, d*v = 4*q - 40. Suppose 15*o - 129 = q*o. Is o a prime number?
True
Is 2743 - -10*6/(-15)*-1 composite?
True
Suppose 24*f + 71420 = 943076. Is f a composite number?
False
Let b = 3050 - 1470. Suppose -b = 3*a - 7*a. Is a a prime number?
False
Let w be (-1)/(-4) + 30/8. Suppose -w*v = -3*y + 28, 5*v - 3*v - 4 = -3*y. Suppose 3*k = -3*p + 609, y*p + 3*k - 583 = 228. Is p composite?
True
Suppose -5*h + 4 = -4*s, -2*h - 3*h = 3*s + 3. Is (-362)/s - 6/2 composite?
False
Let o be (-1 - -6)*50/125. Suppose -p = -3, 4*z + z - 1831 = -o*p. Is z a composite number?
True
Let x(d) = d**3 + 6*d**2 - 2*d - 5. Let i be x(-6). Suppose 580 = 11*m - i*m. Is m composite?
True
Suppose 5*z - 3131 = 389. Suppose 3*b - 7*b = 8, t - 5*b - 367 = 0. Let u = z + t. Is u composite?
False
Suppose 2*o - 2*m = 50478, 8*m - 2*m - 126173 = -5*o. Is o prime?
True
Suppose 4*d + d = 0. Suppose d = -3*p + 322 + 3188. Suppose -p + 214 = -4*b. Is b composite?
False
Let o(f) = f**3 - 8*f**2 - 7*f - 3. Suppose -4*n - m + 4 = 0, -3*n + 7*m = 3*m - 22. Suppose -70 = -5*t + 4*r, t + 0*r + n*r = 0. Is o(t) prime?
True
Is (5 - 2)*(-1 + 2000/15) composite?
False
Suppose b - 7*b = 24. Let z(o) = 5*o**2 - 3*o - 5. Let p be z(b). Suppose -q + p = -0*h - 4*h, q - 81 = h. Is q a prime number?
True
Let z(s) = -6*s**3 - 3*s**2 - 32*s + 35. Is z(-16) a composite number?
True
Is ((-4)/6)/(8/(-127812)) a composite number?
False
Let l(b) = b**3 + b**2 + b + 77. Let o be -4 + -5 + 8/2. Let q be (-1)/o + 1/(-5). Is l(q) a prime number?
False
Let z(c) = 7*c**3 - 2*c**2 + 3*c - 19. Is z(6) a prime number?
True
Suppose 9 + 3 = 3*z. Let c be 2/4*-5*(-32)/20. Suppose z*k + 639 = 5*i, 2*i - 2*k + 252 = c*i. Is i composite?
False
Let m(s) = 0*s - s + 0*s + 3. Let g be m(3). Suppose 3*n - 367 = -0*d - 2*d, 3*n - 2*d - 359 = g. Is n prime?
False
Let z = 24940 - -24229. Is z a prime number?
True
Suppose -5*g - 7 = 18, -3*a + 133327 = 4*g. Is a a prime number?
True
Let i = -13 - -29. Suppose -3*b - b = i. Let f(w) = 35*w**2 + 5*w + 1. Is f(b) a composite number?
False
Let u(w) = 9*w**2 + 10*w + 25. Let h(b) = -10*b**2 - 11*b - 26. Let d(i) = 6*h(i) + 7*u(i). Is d(10) composite?
False
Let b be (-1)/(-2) + (3 - 526/(-4)). Suppose -m = -b - 1706. Is m composite?
True
Let k(c) = -761*c - 1. Let a(p) = 762*p + 1. Let w(n) = -6*a(n) - 5*k(n). Is w(-1) composite?
True
Let v = 38663 + -22896. Let g = 27100 - v. Is g a composite number?
True
Let n = 621 + -244. Is n a composite number?
True
Let r(g) = -10*g + 7. Let p be r(-10). Suppose 0 = m + 2, -j - p = -2*j - 4*m. Is j a composite number?
True
Let a(p) = 17293*p**3 - 3*p**2 - p + 2. Is a(1) composite?
False
Suppose 9*n + n = 20530. Is n a composite number?
False
Let d(k) = -k**2 - 3*k + 18. Let v be d(7). Is 1675/4 + (-13)/v prime?
True
Is 4 - (0 + -1 + -248) a prime number?
False
Let d(x) = -x**2 + 10*x - 12. Let b be d(6). Let t(m) = 144*m - 35. Is t(b) a prime number?
True
Let s be 12 + (0 - 2) + 0. Let b = -14 + s. Is (0 + 2)/(b/(-246)) a prime number?
False
Suppose 3*d - 13650 = -3*h, -4*d = -h + 2410 + 2120. Let a = -1987 + h. Is a composite?
True
Suppose 28 + 21 = -7*h. Let c(j) = -287*j + 44. Is c(h) composite?
False
Let j = -220 - -446. Let b = j + -137. Is b prime?
True
Is (3 - 862/6)*(-825)/50 composite?
True
Let y be 4*(0/(-2) + 1). Suppose y*b + 1121 = 5*l, -3*l = b + 165 - 824. Is l prime?
False
Let x = -3243 - -2159. Let p = -719 - x. Is p a composite number?
True
Is (148907/(-22)*-2)/1 prime?
True
Suppose -4*m + k - 4 = 6, m + 10 = 4*k. Is 4343/11 + (m/(-11) - 0) a composite number?
True
Suppose 0 = -2*y + z + 11925, -5*y + z + 27576 + 2232 = 0. Is y a composite number?
True
Suppose 0*j = -j + 495. Let u(n) = -2*n**3 + 3*n**2 - 2*n + 2. Let d be u(4). Let i = d + j. Is i a prime number?
True
Suppose -3*s + 8*y - 7*y + 1078 = 0, y + 1437 = 4*s. Is s composite?
False
Suppose 2*v - 27047 = i, 2*i + 3 - 1 = 0. Is v a prime number?
True
Suppose 3*h + f - 31 = 0, f + 0*f = -5*h + 49. Let z be 772*(0 - h/(-6)). Let t = z + -765. Is t a composite number?
True
Suppose -2 = -2*l + l. Let a = l - -109. Is a a prime number?
False
Suppose -8*c = -4643 + 1611. Suppose -202 = -4*p + 166. Suppose p - c = -k. Is k composite?
True
Let p(v) = 12*v + 5. Let t(q) = 6*q**3 - q**2 + 1. Let r be t(1). Let n be p(r). Let c = n - 20. Is c prime?
False
Let a(i) = i**3 - i**2 - i. Let m(o) be the second derivative of 7*o**5/20 - 5*o**4/12 - 3*o**3/2 + 5*o**2/2 + 3*o. Let l(x) = 6*a(x) - m(x). Is l(-4) prime?
True
Let n(k) = -k - 2. Let r(u) = -2*u - 5. Let m(b) = -7*n(b) + 3*r(b). Let a be m(3). Suppose 3*h + 3*y - 42 = -0*h, -a*y = 0. Is h a composite number?
True
Is (3 + 5)/(-2) + 1865 composite?
False
Suppose 2154 = 8*w - 11126. Suppose 4*k - w = -0*k. Is k a composite number?
True
Suppose 10*q = 3*q + 111629. Is q a composite number?
True
Suppose -5*b + 3*a + 22 = 5*a, -3*a = 4*b - 19. Suppose 0 = b*z + 5*n - 2588, 2588 = 4*z + n - 4*n. Is z a composite number?
False
Let m = 29 + -34. Let g(j) = -j**2 - 3*j + 10. Let p be g(m). Is (-2 - p) + (320 - 1) 